 -2*q. Suppose -2*h + q + 10 = 0. Let u be (-98)/(-21)*6/4. Calculate the greatest common divisor of u and h.
7
Let c be (-14 + 13)/((-2)/362 - 0). Suppose -71 - c = -4*s. Calculate the highest common divisor of 7 and s.
7
Suppose -5*x = 3*n - 136, 3*n + 33 = 4*x - 92. Suppose -664 = -5*m + 931. What is the greatest common factor of m and x?
29
Let l be 1*1/((-4)/(-12)). Suppose b - 2*j - 93 = 0, j = -l*b + 6*j + 275. Calculate the greatest common divisor of 34 and b.
17
Suppose -19 = 4*i + o, 3*i + 30 = -2*i + 5*o. Let m be -25 - (i + (-2)/(-1)). Let w be m/(1/(-2)*4). What is the highest common factor of w and 55?
11
Let j = -71 - -100. Suppose 2*m + 6 = 0, 2*m - j = -r + 6*m. Calculate the highest common divisor of 119 and r.
17
Let b be (1/(1/(-18)))/((-22)/99). What is the greatest common factor of b and 18?
9
Suppose -5*y + 184 = 4*d, -3*d = y - d - 32. Suppose v - 73 = 5*t, -4*t + 36 = 2*v - y. Calculate the highest common factor of 32 and v.
16
Let i(t) = t**3 + 2*t**2 + 2*t + 2. Let v be i(-1). Let u be -14*1/(-2) + -2. What is the highest common divisor of u and v?
1
Suppose 2*m + 22 = -2*p, 38 - 4 = -4*m - 2*p. Let s be (-2)/m*-3*-19. Calculate the highest common factor of 19 and s.
19
Suppose 22*j + 36 = 25*j. Suppose -11*r = -j*r + 12. Calculate the highest common factor of 132 and r.
12
Let z = -50 + 54. Suppose -z = -k + 3*l + 17, -4*l = 0. Calculate the highest common divisor of 105 and k.
21
Let g = 579 + -522. What is the highest common factor of 627 and g?
57
Let h(j) = -j**3 - j**2 - j + 2. Let i be h(-3). Let q = i - 21. Calculate the greatest common divisor of q and 5.
1
Let w be 180/(-144) - 243/(-12). What is the greatest common factor of w and 2299?
19
Suppose 4*x - 45 = -3*v + 25, 0 = 4*v - 5*x - 52. What is the highest common factor of v and 24?
6
Let o = -1843 + 1867. What is the greatest common divisor of o and 60?
12
Let o be (2/3 - (-17)/(-3))*-4. What is the highest common divisor of 50 and o?
10
Let g(q) = -6*q + 7*q**2 - q**3 - 1 + 2*q + 5 - 6. Let a be g(6). Calculate the highest common factor of a and 30.
10
Suppose 2*m = j + 627, 3*j = 3 - 12. Suppose m = 3*u + 42. Calculate the greatest common factor of u and 18.
18
Let y(a) = a**2 - 3*a - 7. Let w be y(6). Let x(z) = 134*z + 9501. Let n be x(-70). Calculate the greatest common factor of w and n.
11
Suppose 0 = -59*r + 8163 - 1673. Calculate the highest common divisor of r and 44.
22
Suppose 316*r + 2*w - 1160 = 312*r, 870 = 3*r - 2*w. What is the highest common factor of 464 and r?
58
Let k be (-3 - 62)/((-4)/4). Calculate the highest common divisor of 143 and k.
13
Let s = -17 - -42. Let b(g) = -g**2 - 9*g - 3. Suppose -5*k - 20 = 20. Let z be b(k). What is the highest common divisor of s and z?
5
Let l = -312 - -217. Let a = 113 + l. What is the greatest common divisor of 27 and a?
9
Let z be (-1)/((1 - 4)/81). Suppose -s + 6 = 7. Let g be -3*(s - (9 + -1)). Calculate the highest common factor of z and g.
27
Suppose 0 = -2*p + 4*p - 114. Let t = -7 + 9. Let n be (t/6)/((-1)/(-114)). What is the highest common factor of p and n?
19
Let q(s) = 39*s - 33. Let b be q(9). Calculate the highest common factor of 6 and b.
6
Suppose 410 = 8*s + 98. Let q(k) = -3*k + 2. Let r be q(-8). Calculate the highest common divisor of r and s.
13
Let c be 1312/56 - (-6)/(-14). Let i = 5 - 2. Suppose 0 = 2*o - 3*f - 73, f - 116 + c = -i*o. Calculate the highest common factor of o and 4.
4
Let p = -5 + 9. Let u be 1 - ((-84)/p - -1). What is the greatest common factor of u and 189?
21
Suppose -5*y + 4*q = -177, 0*y = -3*y - 3*q + 90. What is the greatest common factor of 264 and y?
33
Let z(m) = -64*m + 2. Suppose -2*x + 13 = -0*x - 5*y, x = 3*y + 8. Let r be z(x). What is the greatest common divisor of r and 44?
22
Let n(f) = -f**2 - 21*f - 38. Let m be n(-18). What is the greatest common factor of m and 64?
16
Let d(l) = -l**2 + 17*l. Let b be d(17). Suppose b*h - 4*h + 272 = 0. Calculate the highest common factor of 170 and h.
34
Let y = 46 - 21. What is the highest common divisor of y and 175?
25
Let v(w) = -2*w + 3. Let m be v(-3). Suppose -m = 4*j - 5. Let p = 2 + j. Calculate the greatest common factor of 9 and p.
1
Let c = -1641 - -2256. What is the greatest common factor of c and 45?
15
Let b = -10696 + 10748. Suppose -4*p = z - 57, 0*z = p - 2*z - 3. Calculate the highest common factor of b and p.
13
Suppose 106213 = 111*s + 16969. Calculate the highest common divisor of s and 24.
12
Suppose 5*o + 4*t = 29, -3*o - o - t + 21 = 0. Let h = -11 - o. Let b = 20 + h. Calculate the greatest common factor of 4 and b.
4
Suppose -j = -5*k - 177, -80*k = -j - 85*k + 187. What is the greatest common factor of j and 169?
13
Suppose -4*u + 33 = 9. Let c = u + 30. Calculate the greatest common divisor of 9 and c.
9
Let v = -14 + 28. Suppose -5*u + 45 = b + 4*b, 0 = -2*b + 2*u - 2. Let p be b/v - 236/(-7). Calculate the greatest common divisor of 51 and p.
17
Suppose 102*p = 97*p + 2030. What is the highest common divisor of p and 58?
58
Let p be 559 - 3 - -11 - 0. Calculate the highest common factor of 243 and p.
81
Suppose 0 = 35*i - 41*i + 5304. Calculate the highest common factor of i and 13.
13
Suppose 5*f = 9*f + 84. Let r be (-1)/(f/(-6) + -4). Let n be 200/r + 11/(-11). Calculate the greatest common factor of 9 and n.
9
Let b be (1940/24 + 5/30)*1. Calculate the highest common factor of b and 9.
9
Let m be 70*(-6)/12*5. Let w = -164 - m. Suppose 4*p = -5*a - p + 340, 5*a - 332 = -p. What is the greatest common divisor of w and a?
11
Suppose -3*p = 2*r - 109, 3*p - 4*r + 5*r - 110 = 0. Let y be 329/7 + (-60)/6. Calculate the highest common factor of p and y.
37
Suppose -23*k = -25*k - 3*o + 12, 17 = 5*k + o. Calculate the greatest common divisor of k and 89.
1
Suppose 5*u - 92 - 48 = 0. Suppose 0*p + 45 = p - l, 4*l - 72 = -2*p. Calculate the highest common factor of u and p.
14
Let a(d) = -1 - 2 - 6 - 13*d. Let n be a(-3). Calculate the highest common factor of 240 and n.
30
Let s be ((-12)/(-2))/(134/1005). Calculate the greatest common divisor of 540 and s.
45
Suppose -2*y - 3*h - 2 = 3*y, -4*y + 3*h = -20. Suppose 3*u - 13 = -4*w + 15, 0 = y*w + 4. What is the greatest common divisor of 12 and u?
12
Let p(s) = -107*s + 2. Let f be p(-2). Let q = -7 + f. Suppose 5 = -m + 2, 13 = y + 2*m. Calculate the highest common divisor of q and y.
19
Suppose -8*v - 20 = -132. What is the greatest common factor of v and 238?
14
Let t = 12 + 5. Suppose 0 = 2*o + 6, -4*f + 2*o - t = -83. Suppose 4*a + 424 = 4*v, -3*v + 5*a = 16 - 336. What is the highest common divisor of v and f?
15
Suppose i - 4*i - 4*r = -406, -3*r - 696 = -5*i. Calculate the greatest common divisor of i and 18.
6
Suppose -j = b - 67, -j - 2*b = -2*j + 64. Calculate the greatest common divisor of 77 and j.
11
Let a(o) = o**2 - 3*o + 5. Let t be a(3). Let d be 5 + -9 + t + (1 - -5). Calculate the greatest common factor of 2 and d.
1
Suppose 215*k - 213*k + 16 = 0. Let d be (3 + -6)/(2 - 1). Let q be 102/k*(d + -5). What is the highest common factor of q and 68?
34
Let j(d) = -d**2 - 6*d - 4. Let b be j(-4). Let v(c) = -9*c + 1 + b*c + 3*c. Let a be v(-1). What is the greatest common divisor of 3 and a?
3
Let k be 1/(1/(-2) - -1). Suppose -k*i + 85 = -7*i - 2*d, 3*d = -15. Let p be (-4)/(20/i) - 0. Calculate the highest common factor of p and 24.
3
Suppose -q + 5*h = 4*h - 70, h = 2*q - 142. Calculate the highest common divisor of 1296 and q.
72
Let i(d) = -3*d + 39. Let t be i(9). Let c be (-18)/(-15)*150/t. What is the highest common divisor of 15 and c?
15
Suppose 119 = -7*d + 637. Calculate the highest common divisor of 2 and d.
2
Let z = 70 + -125. Let t = z + 60. What is the greatest common divisor of t and 5?
5
Let p be (-786)/4*(-56)/21. Suppose 4*s = p - 92. What is the greatest common divisor of 12 and s?
12
Let v = 288 + -278. What is the greatest common factor of v and 50?
10
Suppose 7*j = -38*j + 45. Calculate the greatest common divisor of 151 and j.
1
Let t(m) = 9*m - 51. Let g be t(20). Let b = g + -91. Calculate the greatest common divisor of 38 and b.
38
Suppose 648*x = 649*x - 594. What is the greatest common factor of x and 66?
66
Let k be ((-270)/24)/(1/(-16)). What is the highest common fac